
What is the value of -1 + 20 - (-14 - (25 + -46))?
12
Calculate -33 + (40 - -7) + 12.
26
-26 - ((2 - 9) + (-11 - -15))
-23
-13 - (-32 - -17) - (-1 - 1 - 0)
4
Calculate 4 + 1 + -1 + (16 - (4 - -20)).
-4
(-99 - -40) + 18 - -37
-4
Evaluate (5 + (-2 - 7) - 2) + 20 + -17.
-3
(-8 - -9) + 5 + -9 - 8
-11
Calculate (-26 - 6) + (6 - -2) + -1 - -9.
-16
Evaluate 0 + (2 + -12 - (-23 + 20)) - -7.
0
18 + (15 - 59) - -2
-24
(52 + -24 - 41) + 21
8
What is (-5 - 3) + 11 - ((2 - 0) + 11)?
-10
Calculate (25 - 10) + 22 - 14.
23
What is -18 + 31 + (0 - 2) - -17?
28
What is -25 + (-19 - (12 + -39))?
-17
What is the value of 23 + -48 + 2 + 7?
-16
Calculate (3 - (-1 - -4)) + (80 - 67).
13
Calculate 12 + 4 - 14 - (-2 - 1).
5
What is 6 + -27 - (-37 + 3)?
13
Calculate -4 - -5 - (-1 + 16 - (-1 - 5)).
-20
(-3 - 3) + 0 - (-20 + 7 - 4)
11
Calculate 4 + -6 + 0 - (-4 + 0 + 4).
-2
What is the value of (5 - (-7 - (8 - (14 + -5)))) + -8?
3
Calculate -1 + (0 - -2) + -19 + (-31 - -23).
-26
What is 8 + 1 + (-3 - 4 - -3)?
5
Evaluate 17 - (8 - 8) - (2 + 7).
8
What is 1 + -1 + -15 + 23 + -15?
-7
Evaluate (-4 - -7) + (3 - (11 - 4)) + -5.
-6
Evaluate 2 - ((0 - 10) + (-1 - -9)).
4
12 - (-37 + 25) - 28
-4
What is -2 + (17 - -1) + 2 + -1 + 5?
22
Evaluate 5 + (17 + 15 - 28).
9
(-7 + 1 - (1 + -12)) + 13
18
Evaluate -26 + (1 - -22) + (-16 + 0 - -2).
-17
Calculate 12 - (11 - -11) - 22.
-32
Calculate -12 + -3 + (-5 - -8) + 48.
36
Evaluate 22 + 5 - (-29 + 32).
24
2 + 0 + -3 + -5 + (-61 - -55)
-12
What is the value of 8 + (-20 - -25) + (-2 + -1 - -4)?
14
Evaluate (-8 - 2 - (-6 - 3)) + -2.
-3
What is the value of (1 - -3) + (1 - -3) - (25 - 21)?
4
Calculate 1 + -13 + 14 + -7 + -9.
-14
Evaluate -28 - -7 - -3 - (-1 - 8).
-9
What is the value of -1 - 1 - (6 + -15 + 1) - 21?
-15
What is the value of 2 - (-7 + -2) - (8 - 11)?
14
4 + -2 - (-44 - -26 - (-13 - 3))
4
Evaluate 13 + (-12 - (-8 + -8)).
17
What is the value of -13 + (0 - -2) + -3 - (-8 - -5)?
-11
What is 13 + -1 + (19 - 1) + 0 + -9?
21
What is the value of (-91 + 96 + 1 + -12 - 4) + 7?
-3
What is 7 + (1 - -5) + -17?
-4
Evaluate -15 + 2 - (-58 + 57).
-12
What is (-4 - -22) + -16 - (-1 + -5 - -14)?
-6
5 + -3 + -11 + 0
-9
Calculate 3 + -4 + -2 + 1 + -11 + 14.
1
What is the value of -1 + 25 - 1 - (-1488 + 1486)?
25
(33 - (-4 - -21)) + -22
-6
Calculate 0 + (-22 - 7) + 11 - -24.
6
What is the value of -13 + -17 + 70 - (2 + 12)?
26
14 - ((-7 - -3) + 0) - (159 - 152)
11
What is (-4 + 6 - -16) + -7 - (-1 + -1)?
13
Evaluate -10 - (-38 + (12 - 7 - 9)) - 5.
27
Evaluate -14 + 1 + -2 - (9 + -18) - -20.
14
What is the value of -2 - -11 - ((17 - 0) + -27)?
19
What is 322 - 291 - ((5 - -1) + 5 + -7)?
27
10 - (6 - 2 - (85 - 76))
15
-3 - (14 + -13) - (-1 + -8 + -1)
6
14 + (3 - 13) - (0 + (0 - -9))
-5
What is the value of -4 + (-3 - -1 - (58 - 55))?
-9
33 - 71 - -82 - (0 + 14)
30
What is -6 + ((2 - 12) + 3 - (-1 + -11))?
-1
-4 + 3 + -9 + (-5 - -14)
-1
-8 - ((0 - 13) + -1)
6
Evaluate -22 + (48 - -8 - 18).
16
Evaluate 4 + (2 - (1 + (0 - -8))) + -5.
-8
Evaluate 4 - -1 - (14 - 20).
11
(4 - (5 + 1 - 5) - 5) + 6
4
-9 + (-11 - -6 - (3 - 13))
-4
Calculate 1 + -8 + (-14 - -23).
2
Evaluate 1 + -1 - -20 - (-108 + 115).
13
What is 27 - (-4 - -3) - (-8 - (-12 + -6))?
18
What is -6 - 0 - (67 - 65)?
-8
What is the value of -2 + -4 - (-3 + (-11 - -3) - 4)?
9
What is the value of 11 - -1 - (62 - 55) - (25 + -2)?
-18
Evaluate -4 - -8 - ((7 - 25) + 11).
11
5 - 29 - (8 - 4 - -6)
-34
Evaluate -1 + -7 + 8 - (1 + -1 + -3).
3
What is the value of (13 - (-11 - -20)) + (0 + 2 - 18)?
-12
Evaluate (-2 - -4) + 7 + (329 - 356).
-18
What is the value of (-6 - 7) + 12 - -29 - (7 - 1)?
22
What is the value of -2 + (-1 - (3 - 0)) + 41 + -42?
-7
What is the value of 2 + -3 + -1 - (198 + -195) - -5?
0
Calculate (-9 - (10 - 40)) + -12 + (1 - -10).
20
What is -4 + 14 + (6 - (13 + -5))?
8
-4 + (5 + -8 - -7) + (3 - 10)
-7
1 - 2 - (-274 + 276)
-3
What is 27 - (0 + 30) - ((1 - 1) + -1)?
-2
What is the value of 16 - (-57 + 15 + 68)?
-10
Calculate 1 - (-20 - -4 - (36 - 40)).
13
Evaluate -300 - -332 - (43 - -1).
-12
Evaluate (1 - -17 - -19) + -21.
16
6 - (-2 - (7 + (5 + -3 - 8)))
9
Evaluate 10 + -1 + -101 + 102.
10
15 - ((-1 - -7) + 2 + -1)
8
What is the value of -5 + 56 + -24 + -3 + 1?
25
What is -4 + (-11 + -5 - -1 - -26)?
7
Calculate (-1 + -7 - (-14 - -3 - -7)) + 7.
3
What is -11 + 0 + 3 + 8 + 10?
10
Calculate -1 - (-5 + 3) - (-25 - -25).
1
Calculate -4 + 8 + 0 + -2 + (12 - 15).
-1
What is the value of -6 - (4 - (17 + (-19 - -12)))?
0
Evaluate 37 + -30 + -1 + 0 + 12.
18
Calculate 195 + -190 + (2 - 16).
-9
What is the value of -1 + -4 - (-17 + -2 + 0)?
14
Evaluate -19 - (40 + -31 + -53).
25
Calculate 2 + (1 + 3 - (52 + -33)) + -3.
-16
Evaluate (-2 - (-4 - -9)) + 8 - 5.
-4
(9 + -16 - (-7 + 2) - -1) + 5
4
-16 + 15 + -3 + 7
3
-7 - (-4 - (-9 - (3 + -5) - -1))
-9
Calculate -3 + (10 + -22 - -8).
-7
Evaluate -1 - -3 - (-10 - 0 - 0 - 1).
13
What is -41 - -53 - (-14 - -62)?
-36
What is the value of -1 + (16 - -20 - (6 + 7))?
22
Calculate (-56 - -35) + 6 + 19.
4
What is the value of 1 - (-1 - -5 - (-8 + 7))?
-4
What is 13 - -4 - (18 - 7) - -3?
9
What is -40 + 30 - (4 + 16)?
-30
Calculate (35 + -36 - 13) + 45.
31
What is -10 - (-16 - (-13 - -7)) - 5?
-5
76 + -81 + (4 + 4 - (-1 - 1))
5
-10 + (1 - (-6 + 4)) - -10
3
Calculate -2 + 12 + -21 - -23.
12
What is the value of (5 - 15 - -17) + 2?
9
What is 17 + (-22 - (-17 - -3))?
9
What is (-2 - -1) + 8 + -5 + (882 - 858)?
26
What is 11 + -18 - -3 - (-25 - -12)?
9
Evaluate 1 - (0 + -5) - (7 - (-3 - -4)).
0
What is the value of 8 + 6 + 13 + -28?
-1
-35 + 39 - (10 + -4 + 2)
-4
1 + (20 - (22 + -19))
18
Evaluate -33 + 5 - (-76 - -61).
-13
Calculate -2 + -5 - (7 + (-7 - -9) + -9).
-7
Evaluate -12 + 1 - (-2 - -5).
-14
Evaluate -247 + 217 - (-2 + -15).
-13
What is the value of -3 + (-17 - (-35 - -4))?
11
Evaluate 7 - (19 - 35) - 21.
2
What is the value of 483 + -513 + (3 - 1) + -9 + 1?
-36
What is -2 + -2 + (1 - (6 + -7) - 4)?
-6
Calculate 3 + -15 + 1 + (43 - 16 - 33).
-17
What is the value of (-2 - -18) + 129 + -142?
3
-6 - (-4 + -6 - (18 + -11))
11
Calculate (-10 - (-18 + 22)) + 13.
-1
Evaluate -3 - (52 + -48 - (7 - 2)).
-2
What is the value of 0 + 0 + (-14 - -11)?
-3
9 + (4 + (14 - 40) - -8)
-5
Evaluate 7 - (-10 + (12 - 0)).
5
What is 3 + (-8 - 12) + 9?
-8
What is -50 + 47 - (4 - -3)?
-10
(-4 - -1) + (1 - 15 - -33)
16
Calculate -2 - (-2 + -4) - 15.
-11
-19 - ((-5 - 9) + (22 - 10))
-17
What is 24 + 0 + ((16 - -3) + -8 - 12)?
23
What is the value of ((-5 - -13) + -13 - -8) + -14?
-11
(-474 - -465 - (1 + 1 + -36)) + -6
19
What is the value of -5 + 2 + (-66 + 20 - (-1 + -21))?
-27
What is the value of -3 + 8 + -3 - -3 - 14?
-9
Evaluate 2 + 0 + -6 + (-10 - -3).
-11
Evaluate -1 + (-2 + -1 - (-7 + -25 + 22)).
6
What is (8 - (-7 + 10 + 6)) + -3 + 8?
4
What is the value of 4 + (-1 - -5 - (2 + 11))?
-5
What is the value of 8 + (-5 - 11) - (7 + -40 + 0)?
25
What is 34 + -11 + (-11 - 13)?
-1
Evaluate (184 - 183) + (-1 - 10).
-10
-5 + ((-2 - -8) + 9 - -1)
11
Calculate 19 - (1 - (5 + 3 + -8) - 0).
18
What is the value of 15 + -22 - (-4 + -16)?
13
What is 4 - (-7 - (7 + -11)) - (11 - -1)?
-5
What is (-5 - -4) + 22 - (-14 - (-13 - 9))?
13
What is -9 + 11 + 2 + -7 + 9?
6
What is the value of 2 + -12 + 31 + -15?
6
What is 6 + -56 + 33 - -29?
12
Evaluate (1 - (6 - 8)) + 0 + -13.
-10
What is the value of 9 + -10 - (-5 + 8) - -15?
11
Evaluate 2 - (-24 - -15) - (-5 + 17).
-1
(12 - -3) + 27 + -5
37
(21 - 28 - -24) + -15
2
What is -147 + 148 - (-27 + -2 + 5)?
25
What is the value of (-3 - (12 + -12 + -2)) + -18?
-19
What is the value of (9 - 3) + -17 + 1 - (3 - -1)?
-14
Calculate (1 - -5) + 5 + -4 + -13 + 1.
-5
What is the value of -9 - ((-15 - -8) + -5)?
3
What is (4 - 22) + 5 + 6 + -23 + 8?
-22
Calculate (-3 - (16 - -36)) + (16 - 0).
-39
-8 + 4 - (26 - 28 - 2)
0
-5 + (-4 - -14) + 5
10
Calculate -19 + 6 + -18 + 25.
-6
Calculate (6 - 1 - 2) + (10 - (0 - -1)).
12
(-20 + 5 - -29) + (-8 - 0)
6
Calculate -590 - -563 - (4 - 3 - (-5 - -2)).
-31
-1 - 3 - ((1 - (-24 + 5)) + -39)
15
Evaluate (1 - -19) + 19 - 26.
13
What is the value of -20 - (-39 - (23 - 34))?
8
What is the value of 3 + (0 - (3 - 7)) + -6?
1
What is the value of (3 - -21) + -2 - (-20 + -1 + 28)?
15
Calculate -40 - 1 - (1965 + -2015).
9
(-4